?
True
Suppose 5*g - 25 = -r + 6*r, 17 = g + 3*r. Suppose 3*i = g*i - 4*w - 9217, 3*i - 5511 = -4*w. Is i a composite number?
True
Let u be (-15)/4 - 3/(-4) - -13. Is 2107 + 4/u + 18/5 a composite number?
False
Let o(q) = 5*q**2 + 6*q + 1. Suppose -4*p + 6 - 20 = -5*n, -3*p - n = 20. Is o(p) a prime number?
False
Suppose 0 = -5*l - 5*g - 4460, 3*g = -6 + 21. Let v = l - -1688. Is v composite?
True
Let m(s) be the second derivative of 7*s**3/6 - 3*s**2/2 - 2*s. Let f be m(1). Suppose -2*y + f*y - 614 = 0. Is y composite?
False
Let l = -2676 - -916. Let g = 2562 + l. Is g prime?
False
Suppose 3*d - 30977 = -j, -5*j - 4*d = -10*j + 154847. Is j prime?
True
Suppose 0 = -0*o + 6*o - 90156. Is o/14 - ((-132)/(-21) - 6) composite?
True
Suppose -4*t + 6313 = 3*q, -4*q = q + t - 10516. Suppose 6*n - q = 3*n. Is n a prime number?
True
Is 390255/6*80/200 a composite number?
False
Suppose -4*h + 2917 = -2*t - 2045, -h + 1263 = 4*t. Suppose 377 + h = -4*j. Let y = -202 - j. Is y composite?
True
Let y(u) = -u**3 + 4*u - 9. Let f(w) = -w**2 - w. Let z(s) = -6*f(s) + y(s). Let a be z(7). Suppose -a = -c + h + 2, 4 = -h. Is c a prime number?
False
Suppose 2*b + 2 = 12. Suppose -3*h - a + 47 = 0, b*a = 4*h - 0*h - 50. Suppose -d + 12 = -2*c - h, d - 31 = c. Is d a composite number?
True
Let t(y) = 18*y**3 + 8*y**2 - 11*y + 18. Is t(5) a prime number?
False
Let r = 19 - 12. Let p(s) = -s**2 + 7*s + 2. Let w be p(r). Suppose 2*b - 265 = -3*j, -w*b - 4 = -2. Is j prime?
True
Let s(o) be the first derivative of o**2 + 9*o + 1. Let f(c) = c**2 + 4*c - 5. Let x be f(2). Is s(x) composite?
False
Let r(t) = -2*t**2 + 4*t + 3. Let o be r(4). Suppose 105*l - 104 = 101*l. Let k = l + o. Is k a prime number?
True
Let v(h) = 2*h**3 + 4*h**2 - h + 4. Let j be v(-5). Let t = -100 + 153. Let l = t - j. Is l a prime number?
False
Let t(p) = -39*p + 11. Let a be t(4). Let k = -78 - a. Is k a composite number?
False
Let d(n) = -n - 2. Let j = 12 + -14. Let a be d(j). Suppose 0*k - 3*k + 1623 = a. Is k prime?
True
Suppose -j = -1620 - 23537. Is j composite?
True
Let o = -34 + 40. Let v(q) = 2*q**3 - 9*q**2 + 5*q - 7. Is v(o) a prime number?
True
Let b = 187 - -126. Let r = b - -94. Is r a composite number?
True
Let d(z) = 593*z**2 - 7*z - 11. Is d(-3) composite?
False
Is (-1 - -6)/((-863)/(-431) + -2) composite?
True
Suppose 0 = -4*m, m - 366 = 5*k - 5951. Is k prime?
True
Suppose -57*p - 921908 = -109*p. Is p composite?
False
Let q be 7/((-7)/(-9)) + (-2)/(-2). Suppose -q*m + 1503 = -m. Is m a prime number?
True
Let d = 9 + -11. Let w(z) = -25*z**3 - 3*z**2 - 3*z - 3. Is w(d) a prime number?
True
Let b = -1551 - -2897. Is b prime?
False
Let l(r) = 270*r**2 + r - 2. Is l(-1) a prime number?
False
Suppose 25*n = 29*n + 16. Is -2 + 261/(n + 5) a composite number?
True
Is (639/(-90) - -7) + (-39822)/(-20) a composite number?
True
Is (-1 - (-10)/6) + 425820/36 a prime number?
False
Suppose 0 = -47*l + 11*l + 1884348. Is l prime?
False
Suppose 0 = 9*k - 11259 - 12672. Is k a prime number?
True
Let t = 50 - 787. Let l be (3/3)/((-1)/t). Let m = l + -434. Is m prime?
False
Suppose 35*u = 34*u + 2. Is (0 - (u + -4))/((-10)/(-38585)) composite?
False
Suppose 93 = 5*y + 113, -y = 5*v - 9411. Is v prime?
False
Let t(z) = 2128*z + 239. Is t(20) composite?
True
Let r = 70 + -66. Suppose 3*a + 3298 = 2*g, -r*a = -8*a. Is g a prime number?
False
Let j = -20872 + 31899. Is j a composite number?
False
Let h(z) = 3*z**2 + 27*z + 4. Let k be h(-9). Suppose 2*p = -u + 387, 5*p - 1163 = u - k*u. Is u composite?
True
Let z = 63730 - 40809. Is z composite?
False
Let c be ((-4)/3)/((-10)/15). Suppose -3*u = c*u - 415. Is u prime?
True
Let h(p) = 45*p + 18. Let q be h(-8). Let l = q - -491. Is l a composite number?
False
Let l(s) be the second derivative of 13*s**6/360 + 7*s**5/120 - 7*s**4/24 - s**3/2 + 2*s. Let z(o) be the second derivative of l(o). Is z(-6) prime?
True
Suppose 0 = -v - p, 4*v - 6 = v - p. Suppose -2*h = -7*h - u + 343, 4*h + v*u = 270. Is h a composite number?
True
Let h = 31 - 6. Let z = h + 64. Is z composite?
False
Let d = 15 + -11. Suppose 3*z = 2*r - 3950, -d*z = r - 2*z - 1989. Is r composite?
True
Let z = 277 + -12. Let i(o) = o**3 + 2*o**2 - 3*o + 1. Let r be i(-2). Suppose z = r*p - 2*p. Is p composite?
False
Let b = -18 - -4937. Is b a prime number?
True
Suppose 0 = 7*t - 2*t - 2365. Suppose 2*n = n + t. Let c = n + -240. Is c composite?
False
Suppose -1218 = -2*m - 36. Suppose 0 = 4*w - 117 - m. Is w a composite number?
True
Suppose -t + 0*t = -s - 87, 0 = 2*t + s - 165. Let h = t - 26. Is h composite?
True
Let v be (0 + 0)*(-1)/(-2). Let h(d) = d**2 + d. Let a be h(-1). Suppose v*k + 3*k - 57 = a. Is k prime?
True
Let o = 28805 - -27258. Is o prime?
False
Let s(u) = -13*u**2 - 1 + 2*u**2 + 0*u**2 + 5*u**2 + u**3 - 7*u. Is s(12) prime?
False
Let n = 32109 + 32210. Is n prime?
True
Suppose 3*q - 4 = 26. Is 4484/q + (-15)/(-25) a prime number?
True
Suppose -o + 3*c = 0, 7*c - 2*c - 5 = 0. Is 2*(o - 267/(-6)) a prime number?
False
Let y(z) be the first derivative of -7*z + 2*z**2 + 1/3*z**3 + 2. Is y(6) a composite number?
False
Let u = 14 - 11. Let j(q) = 117*q**2 + 2*q + 10. Is j(u) composite?
False
Let o be (-8270)/(-3) + 4/(-6). Suppose -36*i - o = -40*i. Is i prime?
False
Let g be (-10)/(-4)*14/5. Let t = 11 - g. Suppose -3*q + 513 = -t*c + c, -c = -2*q + 338. Is q composite?
False
Let y(p) = 3*p**2 + 6*p + 12. Let o be y(-10). Let c = o + -74. Let s = c - 35. Is s composite?
True
Let y(o) = -o**3 + 4*o**2 + 3*o - 33. Let n be y(11). Let p(c) = 75*c - 3. Let w be p(-5). Let z = w - n. Is z composite?
True
Let g = 1067 + 398. Let a = g - 974. Is a a composite number?
False
Let k = 15 + -22. Let v be (-295)/k + 2/(-14). Is v/9*(-153)/(-6) a composite number?
True
Is ((-485490)/12)/(-5)*(2 + 0) a prime number?
True
Suppose 2*w + 0 = 4. Suppose -313 = -w*l - 5*s, -39 = -l - 5*s + 130. Suppose -5*d + l = -141. Is d a prime number?
False
Let o = -298 + 389. Is o a prime number?
False
Suppose -2*v - 9 = -5*v. Suppose 1535 = v*g + 4*c, 2*g - 1026 = -0*g - 2*c. Is g composite?
True
Suppose 0 = 34*s - 628321 + 156639. Is s prime?
True
Let t = -346 + 1083. Is t composite?
True
Suppose -4*z - 91019 = -3*p, -3*z - 121361 = -14*p + 10*p. Is p composite?
False
Let k(p) = -2*p**3 - 16*p**2 - 12*p + 237. Is k(-37) a composite number?
True
Let h(j) = -j**3 + 25*j**2 - j + 30. Let c be h(25). Suppose -3163 = 4*q - c*q. Is q a composite number?
False
Let z(s) = 2*s + 25. Let j be z(-5). Let v(t) = 50*t + 17. Is v(j) composite?
True
Let y = -90 - -94. Suppose 0 = -y*s - 2*d + 4644, 4*d - 1432 + 285 = -s. Is s a prime number?
True
Let p = 26 - 22. Suppose -p*w = -5*w + 251. Is w a prime number?
True
Let x = 7 + -5. Suppose -x*v + 7 + 1 = 0. Suppose 0 = -v*r + 688 + 108. Is r prime?
True
Suppose -5*q - 33 = 7. Suppose -b + 4*z = 3*b, 5*z + 12 = -b. Is 2388/16 - b/q composite?
False
Suppose -3*u - u + 4*z = 0, -4*u = 3*z. Suppose 6*d - 2*d = u. Suppose 3*b + d*b = 399. Is b a composite number?
True
Let i(d) = -25*d - 26. Let q be -21 - (6/(-4) + (-18)/(-12)). Is i(q) prime?
True
Suppose -5*l - n = -23420, -5*l - 4*n = -l - 18720. Is l a composite number?
True
Let r = -27 + 27. Suppose r = -4*w - 0 + 16. Suppose -w*g + y - 5*y + 4468 = 0, 0 = -3*y. Is g a prime number?
True
Let k = -97 + 77. Is (1055/k)/((-1)/4) prime?
True
Let l(t) = -5324*t. Let m be l(-1). Suppose 5*o - 3*o = 4, 3*y + 4*o = m. Let w = y + -909. Is w a composite number?
False
Let k(o) = -10*o**3 - 12*o**2 - 28*o - 112. Let p(j) = 7*j**3 + 8*j**2 + 19*j + 75. Let w(s) = -5*k(s) - 7*p(s). Is w(9) prime?
True
Is (-6471)/12*168/(-18) a prime number?
False
Let j(z) = -z**3 + 14*z**2 - 11*z - 25. Let y be j(13). Is y/9 + 7962/27 composite?
True
Let u(y) be the third derivative of -y**6/60 - 7*y**5/60 - 11*y**4/24 + 13*y**3/6 - 33*y**2. Is u(-6) prime?
False
Suppose 2*o + 0*o = -84. Let l be 1/5 - o/15. Is l/2 - (-604)/8 a prime number?
False
Let v(g) = -52*g**3 - 6*g**2 - 5*g + 7. Is v(-6) a prime number?
False
Let v(q) = q**2 - 2*q - 3. Let j be v(-2). Suppose -10 = j*m, -6*y + 2*y + m + 10 = 0. Suppose -882 = -y*k - 4*h, 108 = -k - 5*h + 546. Is k a composite number?
False
Let n = -3665 - -6552. Is n prime?
True
Let a = 1 + -2.